5 is divided by ((-8)/(-10))/((-3)/13*(-832)/960).
3
Suppose -63*q = -67*q - 2*x + 186, -4*x = -q + 51. What is the remainder when 352 is divided by q?
23
Suppose 81 - 81 = 5*i. Suppose 4*c - 16 = 2*c - n, i = -4*c + 3*n + 12. What is the remainder when 173 is divided by c?
5
Suppose -3*q + 3*o + 3 = -102, -o - 2 = 0. Suppose -4*d = -q - 171. Let v = -32 + d. What is the remainder when 55 is divided by v?
17
Let b be (-2 - -18)/(4/(-20)). Let z = b + 102. What is the remainder when 43 is divided by z?
21
Let p(n) = -37*n**3 - 2*n**2 + 9*n + 8. Calculate the remainder when 863 is divided by p(-2).
29
Suppose v - 3*v = -228. Calculate the remainder when v is divided by 198/(-54) + (-128)/(-3).
36
What is the remainder when 12*(-15)/(-90) + 877 is divided by 15?
9
Suppose 5*n - g = 1167, -492 = -35*n + 33*n + 4*g. Calculate the remainder when 509 is divided by n.
45
Let n = -16931 + 17235. What is the remainder when n is divided by 77?
73
Let v(b) = b**2 + 6*b - 2. Suppose 80 = 5*l + 5*o, 3*l - 5*l + 72 = -3*o. Calculate the remainder when l is divided by v(-7).
4
Suppose -5*o = -15, 3*o + 235 = -h + 371. What is the remainder when 333 is divided by h?
79
Let f(n) = n**3 + 5*n**2 - 7*n + 8. Suppose -111*l + 224*l - 11 = -q + 111*l, 4*l + 40 = 0. What is the remainder when q is divided by f(-6)?
3
Let p(u) = -u**3 + 11*u**2 + 3*u - 18. Let i be p(11). Let a(h) = i*h**2 - h**3 - 5*h**2 - 26 + 26 + h. Calculate the remainder when 48 is divided by a(10).
8
Suppose 0 = -10*c + 41 - 11. Suppose 16*g + 4 = 20*g, c*x + 5*g - 59 = 0. Suppose -b - 5 = 0, 50 = 2*t + 3*b - 71. What is the remainder when t is divided by x?
14
Calculate the remainder when (-6 - (-1053)/26)/((-24)/(-736)) is divided by 268.
254
Let w = -6385 - -6399. What is the remainder when 1452 is divided by w?
10
Suppose 312*a - 10356 = 306*a. Calculate the remainder when a is divided by 91.
88
What is the remainder when 10325 + 1319 + (-2 - (1 - 2)) + 4 is divided by 14?
13
Let a = -18134 - -18146. Calculate the remainder when 2011 is divided by a.
7
Suppose 0 = c - 12*c + 3960. Suppose -2*y = -3*z + y + 30, 5*y + 17 = 2*z. Calculate the remainder when c is divided by z.
8
Let g = 35 + -16. Let y(b) = -b**3 + 19*b**2 - b + 22. Let r be y(g). Suppose r*v + 65 = 4*v. What is the remainder when v is divided by 34?
31
Let p = 19 + 8. Suppose 3*n - 27 = 4*y, 3*n - y - p = -2*y. What is the remainder when (1*(-2 - -4))/(6/75) is divided by n?
7
Let t be 18/12 + 10/4. Suppose 5*d = -t*h + 43, -3*h + 5*d = -h - 59. Suppose -73*y = 47*y - 330 - 30. What is the remainder when h is divided by y?
2
Let h = 105 - -115. Let w = -95 + h. Suppose 0 = 9*d - 4*d - 220. Calculate the remainder when w is divided by d.
37
Suppose 0 = -183*g + 226*g - 7439. What is the remainder when g is divided by 14?
5
Suppose -4*j + 55 = 5*g, 5*j - 2*g = 2*g + 38. Suppose 8*a = 12*a - 8. Suppose 0 = a*h + 2 - 100. Calculate the remainder when h is divided by j.
9
Let o(u) = 23*u**2 + 14. What is the remainder when o(3) is divided by 26?
13
Let j = 34891 + -32627. What is the remainder when j is divided by 57?
41
Suppose 0 = 7*f - 27*f + 7877 + 10583. Calculate the remainder when f is divided by 22.
21
Let w = -471 - -481. Let d be 30/4*(-112)/(-70). Calculate the remainder when -4*(-9)/d + 44 is divided by w.
7
Let h = 20 - 48. Calculate the remainder when (-9009)/(-49) + 24/h is divided by 46.
45
Let v(g) = 2*g**2 + 6*g. Let s(b) = 3*b + 2. Let c be s(-3). Let l be v(c). Calculate the remainder when l/1 + (-4)/((-16)/(-4)) is divided by 19.
17
Let h(z) = -2*z**3 - 30*z**2 + 44*z + 793. Suppose 3 = -3*x + 84. Calculate the remainder when h(-15) is divided by x.
25
Suppose 0 = -3*r + 4*q + 10014, -733 = 2*r + 5*q - 7432. Calculate the remainder when r is divided by 88.
86
Suppose 0 = -4*x + 51 - 31, 0 = 4*v - x - 179. What is the remainder when 837 is divided by v?
9
Suppose 5*s = 5, -4*t = 6*s - 2*s - 1680. Let w = 424 - t. Calculate the remainder when 13 is divided by w.
3
Let c(o) = -18*o**2 - 994*o - 192. Let q(n) = -n**3 + n**2 + n - 6. Calculate the remainder when q(-5) is divided by c(-55).
27
Suppose -5*s = -4*m + 62, 2*s + 57 = 52*m - 49*m. What is the remainder when 413 is divided by m?
22
Let x(o) = 81*o - 294. What is the remainder when 276 is divided by x(4)?
6
Suppose 0*k + 4*k - 44 = 0. Let o = -11 + k. Suppose o = -w + 11*w - 100. Calculate the remainder when 38 is divided by w.
8
What is the remainder when -3 + (-88)/(-32) - 1274/(-8) is divided by 15?
9
Calculate the remainder when 37163*(0 - 6*(-6)/84) is divided by 17.
15
Suppose 5*z + 25 = 60. Suppose -54 = -z*h + 58. Suppose 0*i - 5*i + 155 = 0. What is the remainder when i is divided by h?
15
Let y(o) = -2*o**2 - 1410*o + 9 + 1399*o + 4*o**2. Let j be y(5). What is the remainder when j - 159*(3 + 33/(-9)) is divided by 23?
18
Let f = 5333 + -5316. Let x(c) = -c**3 - 6*c**2 - 4*c. Let i be x(-4). What is the remainder when 926/8 - 4/i is divided by f?
14
Calculate the remainder when 868 is divided by (29*17/34)/(1/2).
27
Suppose 25 = f + 4*o + 1, -51 = -4*f - o. Suppose f*g = 11*g + 6. Calculate the remainder when 58 is divided by (g/(-15))/(3/(-225)).
28
Let w be 482 + (11 + -6 - 0). Let k = 517 - w. What is the remainder when 101 is divided by k?
11
Let n(g) = 17*g**3 - 7*g + 9. Calculate the remainder when n(3) is divided by 434.
13
Let u(f) = -3*f + 23. Let h be ((-48)/18 + 3)*-18. Calculate the remainder when u(h) is divided by 22.
19
Let y(n) = 24*n - 11. Suppose -4*r = v - 42, -5*r + 3 = 4*v - 110. What is the remainder when y(5) is divided by v?
21
Let q(g) = 7*g - 62. Let c be q(32). Let i = c - 121. Let t(m) = 15*m**2 - m + 1. Calculate the remainder when i is divided by t(1).
11
What is the remainder when 468 is divided by -24 - (-1456)/26 - -15?
45
Let i = -131 - -97. What is the remainder when 1*-2 - (-120)/4 is divided by (i + 4)/(-2)*1?
13
Let m(g) = 3*g**2 - 4*g + 5. Let p = -12 + -9. Let d = p + 26. Calculate the remainder when m(d) is divided by 16.
12
Let b(w) = 17*w + 681. Suppose 2*y + 0*y - 3*p - 162 = 0, -2*y + 5*p = -158. What is the remainder when y is divided by b(-39)?
12
Suppose 9*o - 3*v = 4*o + 26, -8 = -4*o - 4*v. Suppose -o*y - 82 = -3*k, 6*k = 9*k + 5*y - 100. Calculate the remainder when 119 is divided by k.
29
Let p be (0/(2 - 0))/2. Suppose p = -n + 7. Let t(f) = 29*f**2 + 23*f - 3. Calculate the remainder when n is divided by t(-1).
1
Let r(h) = -27*h - 896. What is the remainder when 2582 is divided by r(-36)?
74
Suppose -406*j = -402*j + 708. Let f = 194 + j. What is the remainder when 54 is divided by f?
3
Suppose -4*n = -5*a - 24, 0*n + 2*a = 5*n - 30. Let k = 1839 - 1808. Calculate the remainder when k is divided by n.
1
Let g(u) = u**3 - 9*u**2 + 2*u + 12. Suppose 4*q + o = 663, -29*o = -4*q - 597 + 1530. Calculate the remainder when q is divided by g(9).
18
Let r = 513 + -363. Calculate the remainder when 142/(-10) + 14 - (-651)/5 is divided by (-2)/15 - (-1670)/r.
9
Let x be (180/112 - 7/(-49))*80. What is the remainder when 139 is divided by 800/x*(8 + -1)?
19
Suppose k + 11*r - 14*r - 559 = 0, 2*k + 5*r = 1019. What is the remainder when 559 is divided by k?
27
Suppose -11*t + 94 = -38. Suppose -t = 43*p - 44*p. Calculate the remainder when 79 is divided by p.
7
Let o(g) be the first derivative of 2*g**3/3 + 9*g**2/2 - 7*g + 90. What is the remainder when 14 is divided by o(-6)?
3
Let y = 16 + -20. What is the remainder when 490/21 - y/6 is divided by 12?
0
Suppose q - 4144 = -15*q. Calculate the remainder when ((-37)/5 + 7)*(-1 - q) is divided by 29.
17
Suppose 0 = 7*n + 4 - 18. Let v(x) = 6*x**2 - 2*x**2 - 2 + 3*x**n. Calculate the remainder when 47 is divided by v(2).
21
Let s(j) = -45*j + 9*j - 2 - 1. Let v(f) = f**3 - 28*f**2 + 82*f - 176. Let w be v(25). Calculate the remainder when s(w) is divided by 17.
16
Suppose 0 = -2*z - 201*c + 199*c + 38, 0 = -2*z - c + 32. Calculate the remainder when 579 is divided by z.
7
Suppose -j + 374 = 5*f, 4*f + 3*j - 126 = 171. Suppose -45 + f = 5*d. Suppose d*h - 126 = 4*h. Calculate the remainder when h is divided by 23.
17
What is the remainder when 1942 is divided by (-370)/(-25)*(-9 + (-927)/(-18))?
55
Let z = 14837 + -14754. What is the remainder when 162